= -n**2 - 8*n + 1. Determine m(o).
13
Let v = -6 + -1. Let i = 5 + v. Let n(l) = l**3 + l**2 + 3*l + 3. Calculate n(i).
-7
Let d(o) = -2*o + 9. Let m be d(6). Let y(k) = k**2 - 4*k - 2. Calculate y(m).
19
Let c(m) = m - 4. Suppose 12 = t - 2*t + 2*f, 0 = 3*t - 5*f + 33. Calculate c(t).
-10
Let o(u) = u**2 + 7*u - 4. Let k(v) = -3*v**2 - 15*v + 9. Let d(r) = -2*k(r) - 5*o(r). What is d(5)?
2
Let t(d) = d**3 - 5*d**2 + d + 7. Suppose 54 - 39 = 3*c. Calculate t(c).
12
Let m(b) = -b**2 + b - 1. Suppose -2*p + 2*x = -5*p + 3, -5*p + 5 = x. Let o(t) = -3*t**2 + t - 2. Let n(j) = p*o(j) - 2*m(j). What is n(2)?
-6
Let n(d) = -d**2 - 8*d - 6. Let m be (-9)/15 + (-154)/35. What is n(m)?
9
Suppose 9*t - 4*t = 15. Suppose t*s - 6 = s. Let z(k) = 4 + 3*k - 2*k + s. What is z(0)?
7
Let i(f) = -f + 3. Let d be 2/7 - (-2 - (-24)/(-14)). What is i(d)?
-1
Let s(r) = -r + 1. Let v be s(2). Let f be v + -2 + -3 + 8. Let i(g) = -g - 5 - g**f + 3 + 4*g**2. Calculate i(2).
8
Let i(k) = k + 1. Suppose -4*v - 8 = 0, 0 = -5*n + 5*v + 13 + 37. Suppose n = -5*h - 2. Let j be 2*(h*1)/(-4). Calculate i(j).
2
Suppose -v + 5*l = -6*v + 30, 2*l - 32 = -4*v. Let p(z) = -18*z - 13 + 5*z - 2*z - v. Let r(m) = -8*m - 12. Let x(y) = 6*p(y) - 11*r(y). Determine x(-5).
4
Let f(v) = -4*v + 6. Let l(n) = 4*n. Let y be l(1). Calculate f(y).
-10
Let s(f) be the third derivative of -f**6/120 - f**5/12 + f**4/8 + 7*f**3/6 + 2*f**2. Let a = 0 - -8. Let v = a + -13. What is s(v)?
-8
Let t(s) = -4*s + 0*s + 1 + 5*s. Let u be 76/(-18) - 2/(-9). Determine t(u).
-3
Let y = -1 + -5. Let w(n) = 13*n**3 + 11*n**2 - 28*n - 28. Let b(s) = -3*s**3 - 3*s**2 + 7*s + 7. Let g(p) = -9*b(p) - 2*w(p). What is g(y)?
-1
Suppose -7*b + 2 = -5*b. Let q(v) = 4*v**2 + 2*v - 1. Determine q(b).
5
Suppose -7*m + 3*m + 36 = 0. Let g(v) = 2*v - m + 8*v**3 + 8 - 3*v**3. Determine g(1).
6
Let p(g) be the second derivative of -g**5/20 - 5*g**4/12 - g**3/3 + 3*g**2/2 + g. Give p(-4).
-5
Let q be (1/(-4))/(2/8). Let w be 4/(q - (-3 + 3)). Let f(g) = g - 1. Give f(w).
-5
Suppose 0 = 3*q - 15 - 39. Suppose 0*f + 3*f = -3*w + q, -2*w + 4 = 0. Let k(v) = v**2 - 2*v - 4. Determine k(f).
4
Let j(t) = 2*t - t + 4 - 5*t. Let g(p) = p - 1. Let a(w) = -7*g(w) - 2*j(w). Determine a(6).
5
Let r(v) = 13*v**3 - 40*v**2 - 37. Let i(m) = 3*m**3 - 10*m**2 - 9. Let d(u) = -9*i(u) + 2*r(u). Determine d(10).
7
Let u(y) = y**2 - 4 - y + 4 - y - 1. Suppose -9*g = -8*g - 2. Calculate u(g).
-1
Suppose -3*a - 4 = 11. Let f = -5 - a. Let m be f + -2 + (-12)/(-3). Let p(j) = -2*j**2 + 2*j. What is p(m)?
-4
Suppose -2*n = a + 19, -a - 49 = 5*n + 2*a. Let i(g) = -13*g - 2. Let h(d) = 19*d + 3. Let v(l) = n*i(l) - 5*h(l). Give v(-1).
-8
Suppose n + 2*f = -13, 3*f = 2*n + 2*f + 1. Let g = -13 - -19. Let j(q) = -4 + g*q**2 - 4*q - 7*q**2 + q + 0*q. Determine j(n).
-4
Let s(o) = o**2 - 6*o - 7. Let c be s(7). Suppose 0*z - 2*b = 2*z - 40, 4*z = b + 60. Suppose 4*d + z + 0 = c. Let a(g) = -g**3 - 5*g**2 - g + 5. Give a(d).
-7
Let m be (-52)/14 - 2/7. Let z(p) = 0 - 4*p**2 + 4*p - p**3 - p - p + 2. Calculate z(m).
-6
Let h be (-2 - 0) + (-18)/(-8). Let v(z) be the first derivative of -2 - 4/3*z**3 + 1/2*z**2 + h*z**4 + 0*z. What is v(3)?
-6
Let s(d) = d**3 + 8*d**2 - d - 6. Let o be s(-8). Let x(p) = 2*p**2 - 6*p + o*p**3 + 7*p - 3*p**3. Determine x(2).
2
Let t(u) = u**3 + 5*u**2 - 5*u + 5. Suppose 3*i = 5*m - 8, -12 = 3*i + 3*m - 6*m. Calculate t(i).
-1
Let s(n) be the third derivative of -n**6/120 - n**5/12 - 5*n**4/24 - n**3 - n**2. Let q = 0 + -4. Calculate s(q).
-2
Suppose -44*j = -46*j + 12. Let g(s) = s**3 - 5*s**2 - 4*s. Determine g(j).
12
Suppose -2*l - 4*f + 8 = -4*l, 20 = l + 4*f. Let z(x) = 3*x - 3*x - 3 - x + l. Calculate z(1).
0
Let s be (3/(-3) - -7) + 4/4. Let h(x) = -x**2 + 9*x - 10. What is h(s)?
4
Let d = -3 + 5. Suppose -n - 3 = 4*n - d*s, 5*n = -s - 6. Let k(h) = -6*h. Give k(n).
6
Let o(z) = 15*z**2 + 3*z - 1. Let a(i) = 7*i**2 + 2*i - 1. Let s(k) = 5*a(k) - 2*o(k). Let x(g) = -11*g**2 - 9*g + 7. Let w(m) = 9*s(m) + 4*x(m). Give w(1).
2
Let s(d) = -3*d**3 - 3*d**3 - 2*d**2 + 3*d**2. Determine s(-1).
7
Suppose 7*b - 2*b - 10 = 0. Let n(f) = -f**3 - f**2 + f**3 - f**b + 1 - f**3 + 4*f. Determine n(-3).
-2
Let y = -17 + 24. Let b(i) = -4 + 4 - 4 - y*i - i**2 + 0. What is b(-5)?
6
Let u(z) = 3*z**3 + 2*z. Let r(h) = h**3 - h. Let n(w) = r(w) + u(w). Calculate n(1).
5
Suppose 4*p - 8*o + 7*o - 17 = 0, -5*p + 25 = -5*o. Let v(r) = -r**3 + 4*r**2 + r + 5. What is v(p)?
9
Let t be (-2)/(-4 + (-27)/(-6)). Let v(g) = g - 2*g - 2 + 3. What is v(t)?
5
Let i(h) = -h**2 - 4*h - 2. Let m = 3 - 0. Let q = 1 - m. Give i(q).
2
Let l(g) be the second derivative of 3*g**5/20 + g**4/6 - g**3/3 + g**2/2 - 2*g. Let f be l(1). Let a(x) = -1 - f*x + 0*x + 3*x + 6. What is a(5)?
0
Let b(w) = 2*w + 5. Let v(t) = -5*t - 10. Let o(n) = -9*b(n) - 4*v(n). Give o(5).
5
Let g(l) be the third derivative of 0*l + 0 - 1/12*l**5 - 1/12*l**4 + 1/6*l**3 + l**2. Determine g(1).
-6
Let x(y) = 2*y - 1. Let i be x(4). Let l(a) = -a**3 + 6*a**2 + 9*a - 8. Let j be l(i). Let c(p) = p - p - j*p. Determine c(-1).
6
Let t(y) = y + 1. Let u = 4 - 7. Let d(n) = -n**2 - 2*n - 4. Let g be d(u). Let z be (-6)/10 - g/(-5). Calculate t(z).
-1
Let h(f) be the third derivative of 5*f**4/24 - f**2. Let v be 14/14 - (1 - 27). Let x = 28 - v. Calculate h(x).
5
Let q(o) be the second derivative of -1/3*o**3 - 3*o + 0*o**4 + 1/10*o**5 + 0 + 0*o**2. Calculate q(2).
12
Let n(k) = k**3 + 5*k**2 + 2*k - 3. Let h be n(-4). Let v(f) = -f - f - f**2 + h*f - 2. Give v(4).
-6
Suppose 0*l - 14 = 2*l + 4*i, -l - 3*i - 9 = 0. Let p(r) = r**2 - 2. Calculate p(l).
7
Let l(x) be the first derivative of x**5/60 + x**4/24 + 4*x**3/3 + 5*x**2/2 - 1. Let b(u) be the second derivative of l(u). Give b(0).
8
Suppose 4*b + 2 = y - 7, 5*b + 30 = -5*y. Let k = -3 - -5. Let x(w) = -k + 2 - w. Determine x(b).
3
Let x(k) = 0 + 0*k - 9*k - 4*k**2 + 4*k + k**3 + 7. Suppose -10 = -5*d + 15. What is x(d)?
7
Let t(w) = 5*w**3 - 5*w**2 + 8*w - 1. Let m(d) = 14*d**3 - 14*d**2 + 23*d - 3. Let l(k) = -6*m(k) + 17*t(k). Calculate l(2).
1
Let g(z) = -z**2 + 13*z - 7. Let t(u) = 6*u - 3. Let o(n) = -4*g(n) + 9*t(n). What is o(-1)?
3
Let q(x) = 3*x**2 - 6*x - 5. Let y(u) = -2 - 4 + 4*u**2 - 3*u - 3*u. Let h(l) = -6*q(l) + 5*y(l). Calculate h(-4).
8
Let d(p) be the third derivative of p**5/20 - p**3/3 - 17*p**2. Let s(m) = m - 6. Let c be s(5). Let n be (-10)/(-4) - c/(-2). Give d(n).
10
Let t(p) = 13*p**2 - p - 1. Let o = 2 + -2. Suppose 4 = -4*k - o*k. Calculate t(k).
13
Let v(q) = -6 + 12*q - 7 - 9*q. Determine v(9).
14
Let l(u) = -11*u - 2. Let v(c) = 5*c + 1. Let h(k) = 3*l(k) + 7*v(k). Calculate h(7).
15
Let n be (3 - (-1 - -2))/(-1). Let l(s) = -s**2 - 1. Let t be l(n). Let x(m) = -m + 1. Give x(t).
6
Suppose 4*s - 22 = 5*j, -5*s + 4 = -3*s + j. Let u(k) = -2*k - 4. Give u(s).
-10
Let n(x) be the third derivative of x**6/120 - x**5/60 - x**4/6 + x**3/2 - x**2. Let v(r) = r**2 - r. Let s be v(2). Determine n(s).
-1
Let k(b) = -b - 5. Let z(j) = 2*j - 2*j - 9 - 2*j. Let l be -8 - -11 - 1*9. Let h(y) = l*z(y) + 11*k(y). Give h(-2).
-3
Let k(p) = p**2 + p - 4. Suppose 2*i + 0*i = -3*c + 13, 5*i - 13 = -c. Calculate k(c).
8
Let h(g) = g**3 + 5*g**2 + 4*g + 3. Let z be h(-4). Let i(o) = -2*o - 3. Let p be i(-4). Let s(v) = -6*v**2 + 5*v - 4 + v + p*v**2 - 2*v. Calculate s(z).
-1
Let k(m) = -m**3 + 2*m**2 - 2*m + 1. Let q be k(2). Let f(a) = 3*a**2 + 4*a + 1. Give f(q).
16
Suppose -2*w + 2*g = 2, -g - 10 = 4*w - 3*g. Let x(j) = -6*j - 12. Let n(p) = -3*p - 6. Let m(r) = 7*n(r) - 4*x(r). Give m(w).
-6
Let c(l) = 4*l + 5. Let k be c(-2). Let z = 1 + 0. Let v(b) = 4*b + 3. Let g(r) = r + 1. Let n(d) = z*v(d) - 2*g(d). What is n(k)?
-5
Let y = -29 + 19. Let i be 24/(-15) - (-4)/y. Let u(n) be the second derivative of n**5/20 + n**2 - n. Calculate u(i).
-6
Let b(t) be the second derivative of t**4/12 + t**3 - t**2/2 - 2*t. Suppose -h = h + 10. What is b(h)?
-6
Suppose 16 = 3*g + 5*g. Let b(l) be the first derivative of -1/2*l**g + 0*l + 2 + 5/3*l**3. Determine b(-1).
6
Suppose -4*b = -4 - 4. Suppose 0 = 3*t - 3*z - 0*z, 0 = 5*z - 10. Let v(g) = 3*g + b - 3*g + t*g. What is v(-5)?
-8
Let u(h) = -2*h - 20. Let r(v) = v + 7. Let k(d) = -8*